?
3
Suppose -k = -4*k - 12, -2*j - 5*k = 14. Suppose -j*t + 33 - 6 = 0. What is the units digit of t?
9
Let c = 147 - 145. Suppose 2*y + c*t - 5*t - 461 = 0, -2*t = -3*y + 684. What is the hundreds digit of y?
2
Let j(s) = s**3 + 5*s**2 - 2*s - 6. Let x be j(3). Let z = x - 39. What is the units digit of -1 + z + (-36)/12?
7
Suppose -2*w + 23650 = 5*d, -5*w - 6 + 31 = 0. What is the thousands digit of d?
4
Suppose 4*x - 5 + 13 = 0. What is the units digit of x/8 - (-308)/16?
9
What is the thousands digit of (1066 + -9 - 9) + (-1)/1?
1
Let f be ((-12)/21)/(36/21 - 2). Suppose f*r - 37 = 3*t + 46, -3*r + 141 = t. What is the tens digit of r?
4
Suppose -9 = k + 2*y, 3*y = 4*k - 4 - 4. What is the units digit of (k + (0 - -2))/(2/80)?
0
Let c(p) = -p**2 - 5*p + 2. Let a be c(-4). Suppose -a*n = -0*n - 120. What is the units digit of n?
0
Let q(w) = -w**3 - 9*w**2 - 2*w + 3. Let a be q(-9). Let b be a/2 - (-9)/(-18). What is the units digit of (-20)/3*(-13 + b)?
0
What is the tens digit of (-38 - -33) + 1 + 90?
8
Let u(q) = -q**2 - 7*q + 2. Let y be u(-6). Suppose 150 - y = -2*m. Let w = 106 + m. What is the tens digit of w?
3
Suppose -15*v + 117*v = 130866. What is the thousands digit of v?
1
Suppose w = -3, w + 4785 + 5466 = 4*a. What is the units digit of a?
2
Let m be (-36)/84 + (-24)/(-7). What is the units digit of (-2*27/m)/((-8)/124)?
9
Let r(w) = -w**2 + 25*w + 58. Let y be r(27). Suppose -12*n = -y*n - 1856. What is the tens digit of n?
3
Let x = -1 - -3. Suppose x*s = -0*s + 12. Suppose -4*g = -s*g + 48. What is the units digit of g?
4
Suppose 7*y = 2*y - u + 6064, 0 = -5*u + 20. What is the hundreds digit of y?
2
Suppose -2*h + 714 + 1510 = 0. What is the hundreds digit of h?
1
Let o = 967 - 516. What is the tens digit of o?
5
Let y be (0 - -1 - -12) + 1. Let p(j) be the third derivative of j**5/60 - 13*j**4/24 + 2*j**3 + 7*j**2. What is the units digit of p(y)?
6
Let g(v) = -2*v - 17. Let p be g(-10). Suppose 0*n - 131 = -2*n + 3*b, 5*n + p*b - 296 = 0. Suppose -3*h + 8 = -n. What is the units digit of h?
3
Let g be 3 + 1/(1/1). Suppose 0 = g*z - c - c - 332, 0 = -5*z - 5*c + 415. What is the units digit of z?
3
Let k be 3*((-32)/(-3))/2. Let l = k + 26. What is the tens digit of l?
4
Let a(j) be the third derivative of j**5/30 - 7*j**4/24 - 14*j**3/3 - 2*j**2. What is the hundreds digit of a(10)?
1
Suppose 24 = -2*f - 0*f + 4*y, 4*y + 86 = -3*f. Let c be (-33)/f*8/(-6). What is the tens digit of (-68)/5*5/c?
3
Let g be 16/(-12) - 5/(30/172). What is the tens digit of g*6/(-10)*1?
1
Suppose -60 = -4*r - 4*u, 10*r - 5*r - 80 = -4*u. What is the tens digit of 20/(82/r - 4)?
0
Suppose 41 - 13 = 2*t. Suppose t = 2*i + 3*u, 0*i + u = -i + 9. What is the units digit of (-22)/(-55) - i/(-5)?
3
Let g = 48 - 32. Suppose d + 3 = 4*d. Let n = g - d. What is the units digit of n?
5
Let j(s) = -8*s - 32 + 71 - 38. Suppose -4*a - 5 = 7. What is the units digit of j(a)?
5
Suppose 0 = -m - 5*m + 1260. Suppose -45 - m = -3*d. What is the units digit of d?
5
Suppose 65*w - 13*w = 134784. What is the thousands digit of w?
2
Let y = -22 + 25. Suppose -7*v = -y*v - 788. Suppose 0 = -2*n - 3*j + 62, -5*n - 2*j + 5*j = -v. What is the tens digit of n?
3
What is the units digit of 3905 - (-15)/(15/7)?
2
Let f(v) = -43*v + 36. What is the units digit of f(-7)?
7
What is the tens digit of -10910*(-3)/102 + 6/51?
2
Let i = 13 + 17. Suppose -2*x - 23 = 3*o, 0*x + 3*x + i = -4*o. What is the units digit of ((-30)/(-8))/(o/(-24))?
0
Let x(p) = 7*p**2 - 16*p - 280. What is the hundreds digit of x(-15)?
5
Let i = 636 - 156. Suppose -5*p = -3*r - i, 3*p + 2*r = p + 208. What is the units digit of p?
9
Let h(u) = 64*u**2 - 9*u + 34. What is the units digit of h(4)?
2
Suppose -23 = -11*x + 76. Let b = 121 - x. What is the tens digit of b?
1
Let u = 436 + -317. What is the units digit of u?
9
Let g = -6 + 9. Suppose 2*u - r + 6 = 7*u, g*r + 1 = 4*u. Let w = u + 21. What is the tens digit of w?
2
Let w(v) = -13*v**3 - 5*v**2 - 14*v - 21. What is the units digit of w(-4)?
7
Let s = 14 - 21. Let x be (-72)/(-42) - 2/s. Suppose 3*o + 3 = 0, -x*o = -5*y - 0*o + 22. What is the units digit of y?
4
Let z = -153 + 154. What is the hundreds digit of (708/5 - z) + (-117)/195?
1
Suppose 4*o - 2*w = 36, 0*o + 4*w + 22 = 3*o. Suppose o*h + 27 = 4*p + 5*h, 3*h + 9 = 0. What is the tens digit of 2 - (p + -4*3)?
1
Let v be (3 + 2)*(5 + -4). Suppose 3*f = v*m - 38, m + 2*f - 48 = -3*m. What is the units digit of m?
0
Suppose -2*k + 4*b + 1608 = 0, -5*k - 9*b + 6*b + 4007 = 0. What is the hundreds digit of k?
8
Let t be (4 + -4)/3 - -7. Let i = 9 - t. What is the tens digit of ((-68)/(-4))/(1/i)?
3
What is the units digit of (4 + (-1785)/(-12))*8?
2
Let u = -33 + 38. Suppose 3*f - 30 - 15 = -3*b, 0 = -4*b + u*f + 105. What is the units digit of b?
0
Let j = -33 + 39. Let a(o) = -3*o + o**2 - 3 - 2 - 3. What is the tens digit of a(j)?
1
Let x = 10 + 497. What is the hundreds digit of x?
5
Let k(t) be the first derivative of 2*t**3/3 + 3*t**2 + 11*t - 8. What is the units digit of k(-6)?
7
Let o(v) = -v**3 - 2*v**2 - 2*v - 2. Let s be o(-2). Let g(w) = 2*w**2 - w - 2. Let h be g(s). Suppose 50 = -h*p + 5*p. What is the tens digit of p?
5
Suppose -151*n + 96*n = -91740. What is the units digit of n?
8
Let f(u) = -2*u - 3 - u**3 + u - 3*u - 5*u**2. What is the hundreds digit of f(-7)?
1
Suppose -3*d + 2*v + 24 = 5*v, 0 = 2*d + 4*v - 10. Let t = 4 - d. Let m(y) = -4*y - 8. What is the tens digit of m(t)?
2
Let l(n) = n**3 + 3*n**2 - 4*n - 6. Let x be l(-5). Let v = -16 - x. What is the units digit of v?
0
Suppose -2*p - 2*t = t - 1156, -p + 591 = -5*t. What is the hundreds digit of p?
5
Let l be (-1)/(-1)*(-39)/1. Let v = l - -47. Let m(u) = -u**2 + 18*u - 10. What is the units digit of m(v)?
0
Let l = 902 - 376. What is the units digit of l?
6
Let g(k) be the third derivative of k**5/60 + k**4/8 - 5*k**3/6 + k**2. Let z be g(-4). What is the units digit of (0 - 32)/z*1?
2
Let s = -1183 - -2302. What is the hundreds digit of s?
1
What is the hundreds digit of 44/(-88) + 3705/2?
8
Let h be (4*(-1)/4)/((-2)/6). Suppose -2*w + h*m + 254 = 0, 6*m - m = 4*w - 508. What is the units digit of w?
7
Let g = -460 + 713. What is the tens digit of g?
5
Let v(s) = 16*s - 2. Suppose -5*g - 1 = -11. Let b be v(g). Suppose 12*c - 11*c - b = 0. What is the tens digit of c?
3
Let q(b) = 7*b - 6. Let j be q(7). Suppose -v = 4*f + 2*v - j, 2*f + 4*v - 24 = 0. What is the tens digit of f?
1
Suppose 57*t - 268262 = -56*t. What is the units digit of t?
4
Suppose -49 - 243 = l. Let y = l - -190. Let h = y + 150. What is the tens digit of h?
4
Let v(x) = x + 25. Let s be (1 - -10) + -5 + 7. Let z be v(s). What is the units digit of (-1)/(-3) - z/(-3)?
3
Let l = 137 - -286. What is the tens digit of l?
2
What is the units digit of (-35)/42 - 4/((-120)/135055)?
1
Let w(y) = 37*y**2 + 8*y - 46. What is the hundreds digit of w(6)?
3
Let o(v) = 15*v - 11. Let x be o(7). Let t = x + -52. What is the tens digit of t?
4
Let d(i) = i**3 - 17*i**2 - 2*i + 73. What is the tens digit of d(20)?
3
What is the thousands digit of 26920/(-12)*(-30)/20?
3
Suppose -3*c - 61 = -40. Let l(j) = -3*j - 17. What is the units digit of l(c)?
4
Suppose 4*q - 22 = -2. Suppose -4*b + q*b = 23. Let o = b - 12. What is the tens digit of o?
1
Suppose 2*q - 197 = -4*r + q, -2*r + 115 = -5*q. Let a = 6 + r. What is the tens digit of a?
5
Let y(k) = 2*k**3 - 2*k**2 + 2*k. Let d(h) = -3*h**3 + 4*h**2 - 4*h. Let n(g) = -3*d(g) - 5*y(g). Let t be n(-2). Let j = 0 - t. What is the units digit of j?
4
Let s = -39 - -38. Let k(g) = -g**2 - 7*g + 7. Let t be k(-6). Let y = t + s. What is the units digit of y?
2
Suppose 3*m + 235 = d, d + 505 = 3*d + m. Let b = d - 133. What is the tens digit of b?
1
Let m(i) = -3*i + 1. Suppose -8*t + 4*t = -20. Suppose -t*c = 2*q + 2*q + 35, 3*c - 2*q - 1 = 0. What is the tens digit of m(c)?
1
Let b(v) = 39*v - 26. What is the units digit of b(2)?
2
Suppose 0 = 25*k - 89163 - 4387. What is the tens digit of k?
4
Let y = 3068 + -1519. What is the tens digit of y?
4
Let o = -23 + 33. Suppose -5*t - b - 4*b - o = 0, 4*b + 20 = 0. Suppose -4*g = -3*g - 3, 2*w + 7 = t*g. What is the units digit of w?
1
Suppose -1326 = -3*k -